 2*c + 2. Let w = -52 + 54. Suppose 4*z - 42 = -w*z. Give a(z).
16
Let f(v) = v**3 + 8*v**2 + 10*v - 6. Let l be f(-4). Let s(u) = u - 15. What is s(l)?
3
Let n(j) = 4*j**3 - 4*j**2 + 2*j - 1. Suppose b + 5*z + 11 + 3 = 0, 4*b = 4*z + 16. Let o(t) = t**3 + t**2 + 1. Let s(v) = b*n(v) - 3*o(v). Determine s(7).
10
Let u(h) = -h**3 - 3*h**2 - h. Suppose 38 = 2*j - 3*g, -4*j + 0*g = -g - 56. Let w = j + -15. Calculate u(w).
-2
Let h(v) = -12*v - 18. Let t(w) = 38*w + 58. Let y(k) = 16*h(k) + 5*t(k). What is y(0)?
2
Let p(b) = -11*b**3 - 15*b**2 - 3*b + 14. Let k(q) = -9*q**3 - 14*q**2 - 4*q + 13. Let d(a) = -5*k(a) + 4*p(a). What is d(-9)?
0
Let x(t) = -t**3 - 5*t**2 + t - 3. Let k(v) be the third derivative of -v**6/60 + v**5/10 - v**4/8 + 2*v**3/3 + 20*v**2. Let y be k(3). Calculate x(y).
-8
Suppose z - 2*q + q + 31 = 0, 5*z + 175 = q. Let t = z - -31. Let p(u) = 3*u + 4. Give p(t).
-11
Let b(n) = -9*n**3 + 34*n**2 + 40*n + 29. Let x(i) = -5*i**3 + 17*i**2 + 23*i + 15. Let u(h) = 4*b(h) - 7*x(h). Calculate u(17).
-6
Let g(q) = 2*q + 7*q**2 + 1 + q**3 + 9*q - 10*q. What is g(-7)?
-6
Let c(b) be the first derivative of -b - 1/2*b**2 - 2. Let f(k) = -k**2 - 4*k + 5. Let n be f(-4). Determine c(n).
-6
Let j(q) = -11*q**2 + 45*q + 5. Let s(d) = -4*d**2 + 15*d + 2. Let l(k) = 6*j(k) - 17*s(k). Let f be l(-8). Let o(v) = -2*v + 0 - 1 + 4. Give o(f).
-5
Let o(g) = 3*g + 2. Suppose 0 = 2*x + 2*k + 3*k + 20, -2*k - 8 = -5*x. Let i(a) = 19*a**2 + 2 + a**3 - 2*a**3 - 20*a**2. Let f be i(x). Determine o(f).
8
Let n(x) be the first derivative of -2*x**3/3 + x**2/2 + 4*x + 1. Let u(o) = o**3 - 20*o**2 - 22*o + 18. Let d be u(21). What is n(d)?
-17
Let u = -122 + 125. Let k(m) be the second derivative of -m + 0 + 1/3*m**3 - 1/2*m**2. What is k(u)?
5
Let k(t) = 12*t - 4*t - t + 2*t + 30 - 32. Calculate k(4).
34
Let y(h) = h**2 + 4 - 3*h + 2*h - h + 0 - 4*h. Let i(r) = -7*r. Let k be i(-1). What is y(k)?
11
Let h(t) = -t**2 - 2*t + 3. Let x = -34 + 38. Suppose x*q - 16 = y + 1, 4*y - 27 = -3*q. What is h(y)?
-12
Let s(h) = 3*h**3 + 2*h**2 - 3*h. Suppose -30*f + 2*f = -56. Determine s(f).
26
Let h be 5/(1 + -2 - (2 + -4)). Suppose v - h*p = 13, -v - 4*p = 2*v - 1. Let c(y) = y**2 - 3*y. Calculate c(v).
0
Let w(x) = -x**2 - 9*x + 1. Suppose -4*y - 29 - 7 = 0. Give w(y).
1
Let q(g) be the third derivative of 2*g**4/3 - g**3/2 - 332*g**2. Give q(-3).
-51
Let n(w) = -11*w + 155. Let q be n(14). Let g(i) = -4*i**2 + 2*i - 1. Calculate g(q).
-3
Let q(y) = 9*y**3 + 1. Let m be q(-1). Let f be (-6)/m - (-52)/16. Let k(p) = 1 + 0*p - 2*p + f - 8. Determine k(-4).
5
Let c(y) = -7*y**2 - 9*y + 10. Let a(x) = 5*x**2 + 8*x - 9. Let g(z) = -3*a(z) - 2*c(z). Suppose q - 11 = -4*s, 2*s = -5*q + 4*s - 33. Give g(q).
12
Let s(c) = -2*c + 9. Let w(q) = -4*q + 32. Let k(x) = -7*s(x) + 2*w(x). Let z be 1*(4 + -1 - 0). Determine k(z).
19
Let j(y) = 3*y**2 - 7*y - 2. Let m(g) = -2*g**2 + 8*g + 3. Let t(x) = -5*j(x) - 4*m(x). What is t(2)?
-24
Let o(r) be the first derivative of r**2/2 + r - 1. Suppose 5*b = -4*i + 4, 2*i - 2*b = -3*i - 28. Let g = i + 8. What is o(g)?
5
Let r(o) = 4*o**2 - o + 17. Let n(y) = y**2 + 2. Let c(p) = -6*n(p) + r(p). Determine c(-4).
-23
Let d(x) = x**2 - 13*x - 55. Let k be d(16). Let r(n) = n + 21. Give r(k).
14
Let z(y) = -y**2 - 2*y - 1. Let f(r) = -r**2 - 3*r - 2. Let l(g) = -3*f(g) + 5*z(g). Give l(2).
-9
Let k(p) be the second derivative of -p**3/3 - 9*p**2/2 + 285*p - 1. What is k(8)?
-25
Let c(x) = x**2 - 10*x + 2. Let b be c(10). Let p(f) = -26*f + 13*f + 7 + 18*f - f**b. Calculate p(7).
-7
Let k(a) = -2 + 7 - 6 - 4*a. Let r be k(0). Let n(p) = -2*p - 2*p - 8*p**2 + 3*p. What is n(r)?
-7
Let i(q) = 23*q + 121 - 71 - 52. Calculate i(2).
44
Let u be (-6)/(-8) + 4/16. Let h(p) = -2*p - 1 + 7 + 3*p + u. Give h(-6).
1
Let j be (4 + -1)*(2 + -1). Let n(p) = 0*p**j - 1 - 9*p**3 - p**2 + 7*p**3 + p. Give n(2).
-19
Let s(i) = -19*i + 8. Let q(u) = 13*u - 7. Let v(f) = 3*q(f) + 2*s(f). Calculate v(11).
6
Let q(v) = v**2 + 7*v + 6. Let r be (2/(-4) + -1)/(8/(-224)). Suppose 3*l - r = 9*l. What is q(l)?
6
Let n(k) = -k + 4. Let w be 3 - 3/12*4. Determine n(w).
2
Let o be 9 - 2/(2 + -3). Let m = -27 + o. Let d be 14/(-8) - (-4)/m. Let u(k) = -k**3 + k - 1. Give u(d).
5
Suppose 3*m - 8*q = -3*q - 5, -5*m + q - 1 = 0. Let l(k) = -k**3 - 15. Determine l(m).
-15
Suppose -3*q = -20 - 13. Let n(v) = -2*v**2 + 23*v - 7. Let m be n(q). Let j(c) = -c + 8. Calculate j(m).
4
Let m(v) = 1 + v + 6 - 1. Let n(h) = 3*h**3 + 0*h**2 - 4*h**3 - 5 + 5*h**2. Let i be n(5). What is m(i)?
1
Let y(p) = 133*p - 7 - 279*p + 143*p. Give y(4).
-19
Let u = 835 - 830. Let y(x) = -4*x + 5. Determine y(u).
-15
Let l(t) = -t + 60. Let i(n) = -n + 70. Let p(w) = 5*i(w) - 6*l(w). What is p(-16)?
-26
Let k = -7 - -18. Suppose -3*r + k = 32. Let o(x) = x + 8. Calculate o(r).
1
Let r = 11 - 11. Let f be 0 - (r - -24)/(-4). Let k(h) = -f*h**2 - 7*h**2 + 16*h**2 + h**3 - 8*h**2 + 4. Determine k(4).
-12
Let w(c) = -3*c**2 - 5*c + 1. Let b(a) = -a**3 - 23*a**2 - 21*a + 18. Let p(y) = 4*y + 62. Let k be p(-21). Let g be b(k). Calculate w(g).
-27
Suppose 2*n = 3*n - 5*s + 2, 5*n = -s + 68. Let u(a) = 3*a**3 - 257*a**2 + 250*a**2 + n - 5 - 4*a**3. Determine u(-7).
8
Let l(m) = 6 + 6794*m - 15 - 6795*m. Determine l(-7).
-2
Let u(m) = 30*m + 32 - m**3 - 96*m + 37*m + 31*m + m**2. Determine u(0).
32
Let m = 112 + -118. Let o(v) be the first derivative of -v**4/4 - 7*v**3/3 - 7*v**2/2 - 3. What is o(m)?
6
Suppose 0 = -c + 2*a + 1, -2*c - 5 = -7*c + 5*a. Let i = 70 - 72. Let w be (-1)/i*6/c. Let z(q) = q**3 - 4*q**2 - 1. What is z(w)?
-10
Suppose t + 2*t = 0. Suppose 7 + 13 = 4*r. Suppose t = -r*q - 10 - 15. Let h(v) = -v - 3. Determine h(q).
2
Let u be (-37)/7 - (7 + (-357)/49). Let w(g) = -1 - 1 + 0 - g. Determine w(u).
3
Suppose 2 = z + u + 6, 3*z + 4*u + 11 = 0. Let d(p) = -p - 3. Let q be d(z). Let t(f) = -5*f**q + 1 + 8*f**2 - 4*f**2. What is t(0)?
1
Let p(i) be the first derivative of -i**5/120 - i**4/12 + 2*i**3/3 + 15*i**2/2 + 24. Let t(h) be the third derivative of p(h). What is t(-9)?
7
Let g(w) = -58*w + 72. Let i(f) = -11*f + 15. Let c(p) = -3*g(p) + 16*i(p). Calculate c(9).
6
Let u(r) be the third derivative of r**9/30240 - r**8/20160 - 3*r**5/10 + 13*r**2. Let o(j) be the third derivative of u(j). Give o(-1).
-3
Let p(b) be the second derivative of -2*b + 1/6*b**4 + 0 - 1/2*b**2 - 2/3*b**3. Determine p(3).
5
Let s(o) be the first derivative of o**6/360 + o**5/15 - 3*o**4/8 - 16*o**3/3 - 3. Let m(x) be the third derivative of s(x). Determine m(-8).
-9
Let i(o) = 17*o**2 - 1. Suppose -2*g + 0*g = -3*v - 10, -2*g = -2*v - 6. What is i(g)?
16
Let m(q) = -q**2 - 4*q + 8. Let r be m(-5). Let x(g) be the third derivative of g**4/12 + g**3/2 - 17*g**2. Give x(r).
9
Let l(z) be the first derivative of -4*z**2 - 166. Give l(-1).
8
Let v(h) = -66*h - 337. Let x be v(-5). Let j(d) = d**3 + 7*d**2 - 2*d - 15. Give j(x).
-1
Let d(n) = n**3 - 4*n**2 + 4. Let q(z) = 3*z - 21. Let x be q(8). Calculate d(x).
-5
Let s(i) = 11*i**2 - 10*i - 12. Let o(h) = -17*h**2 + 11*h + 11. Let q(a) = 2*o(a) + 3*s(a). What is q(-4)?
2
Let m(w) be the first derivative of 2*w**3/3 - w**2/2 - 9*w + 1. Let x be m(4). Let n = 12 - x. Let v(z) = z**2 + 5*z - 9. What is v(n)?
5
Suppose -3*g - d + 9 = 0, 0*g - 5*g = -3*d - 1. Let v(x) be the first derivative of -x**4/4 + x**3/3 + 2*x**2 - 3*x + 1. Calculate v(g).
1
Let d(f) be the first derivative of f**6/72 - f**4/24 - 6*f**3 + 26. Let m(y) be the third derivative of d(y). What is m(-1)?
4
Let c = 27 + -25. Let j(q) = 43*q - 86*q + q**3 + 40*q + c*q**2 + 3. What is j(-3)?
3
Let g be ((-8)/(-3))/(4/6). Suppose 7 = g*q - 3*k, -k = -4*q + 3 + 2. Let l(p) = -p + 1. Let m(i) = -2*i + 2. Let x(s) = 11*l(s) - 6*m(s). Give x(q).
0
Let o(j) = -j - 2. Let w be (5/(-15))/((-3)/261). Let u = 27 - w. Give o(u).
0
Let g(a) = -4*a - 13. Let f be (-20)/(-16)*(-16)/4. Determine g(f).
7
Suppose 4 = -k + 1. Let o be ((-2)/k)/(10/30). Let u(h) = 1. Let n(g) = -3*g - 1. Let z(d) = n(d) + 3*u(d). Calculate z(o).
-4
Let i(w) = 4*w. Let m = 24 - -30. Let b = m - 53. What is i(b)?
4
Suppose -5*v + 3*b = -20, -11 + 3 = -2*v + 2*b. Let g(l) be the first derivative of l**4/4 - 4*l**3/3 + l**2/2 - 3*l - 357. 